9
Calculate the remainder when 55477 is divided by 13.
6
What is the remainder when 9063 is divided by 2992?
87
Calculate the remainder when 2022 is divided by 1730.
292
What is the remainder when 244575 is divided by 4891?
25
What is the remainder when 5168 is divided by 144?
128
What is the remainder when 35940 is divided by 610?
560
Calculate the remainder when 452516 is divided by 32322.
8
Calculate the remainder when 201215 is divided by 166.
23
What is the remainder when 41782 is divided by 47?
46
What is the remainder when 73799 is divided by 24565?
104
What is the remainder when 2519 is divided by 617?
51
Calculate the remainder when 1085 is divided by 226.
181
What is the remainder when 467581 is divided by 281?
278
What is the remainder when 307 is divided by 54?
37
What is the remainder when 6792280 is divided by 18?
16
What is the remainder when 214025 is divided by 355?
315
Calculate the remainder when 5144 is divided by 36.
32
Calculate the remainder when 1175 is divided by 150.
125
Calculate the remainder when 56967 is divided by 122.
115
Calculate the remainder when 19198 is divided by 115.
108
Calculate the remainder when 26473 is divided by 367.
49
What is the remainder when 496 is divided by 246?
4
Calculate the remainder when 72101 is divided by 18020.
21
What is the remainder when 45010 is divided by 309?
205
What is the remainder when 1339 is divided by 89?
4
What is the remainder when 5476 is divided by 568?
364
What is the remainder when 90872 is divided by 162?
152
What is the remainder when 41520 is divided by 13716?
372
What is the remainder when 14120 is divided by 10?
0
What is the remainder when 75220 is divided by 21?
19
Calculate the remainder when 158529 is divided by 43.
31
Calculate the remainder when 5503 is divided by 2546.
411
What is the remainder when 7049 is divided by 33?
20
Calculate the remainder when 7670 is divided by 160.
150
What is the remainder when 818 is divided by 204?
2
What is the remainder when 262534 is divided by 2?
0
What is the remainder when 96351 is divided by 19269?
6
Calculate the remainder when 2746 is divided by 141.
67
Calculate the remainder when 85006 is divided by 1889.
1
What is the remainder when 72605 is divided by 17?
15
Calculate the remainder when 7521 is divided by 138.
69
What is the remainder when 938496 is divided by 312823?
27
Calculate the remainder when 1787364 is divided by 836.
832
Calculate the remainder when 31422 is divided by 683.
4
What is the remainder when 3959613 is divided by 2624?
2621
Calculate the remainder when 196534 is divided by 95.
74
Calculate the remainder when 399560 is divided by 132.
128
What is the remainder when 6017 is divided by 1773?
698
What is the remainder when 5023 is divided by 117?
109
What is the remainder when 671447 is divided by 25824?
23
What is the remainder when 4484 is divided by 216?
164
Calculate the remainder when 147231 is divided by 250.
231
Calculate the remainder when 14517 is divided by 632.
613
What is the remainder when 8372 is divided by 557?
17
What is the remainder when 196 is divided by 79?
38
What is the remainder when 1037 is divided by 80?
77
What is the remainder when 885777 is divided by 665?
662
Calculate the remainder when 4683 is divided by 244.
47
Calculate the remainder when 3121 is divided by 360.
241
What is the remainder when 16043 is divided by 14?
13
Calculate the remainder when 18576 is divided by 78.
12
Calculate the remainder when 648887 is divided by 9.
5
What is the remainder when 19297 is divided by 212?
5
Calculate the remainder when 69913 is divided by 160.
153
Calculate the remainder when 47878 is divided by 1293.
37
What is the remainder when 30015 is divided by 380?
375
What is the remainder when 223267 is divided by 50?
17
What is the remainder when 164924 is divided by 88?
12
Calculate the remainder when 1620308 is divided by 23828.
4
Calculate the remainder when 160758 is divided by 40187.
10
Calculate the remainder when 29441 is divided by 7356.
17
Calculate the remainder when 217889 is divided by 18.
17
Calculate the remainder when 9256 is divided by 616.
16
Calculate the remainder when 52378 is divided by 5.
3
What is the remainder when 81518 is divided by 164?
10
Calculate the remainder when 5516 is divided by 781.
49
What is the remainder when 1092 is divided by 622?
470
What is the remainder when 1056126 is divided by 14?
8
What is the remainder when 15451 is divided by 5149?
4
Calculate the remainder when 595 is divided by 580.
15
Calculate the remainder when 131508 is divided by 22.
14
Calculate the remainder when 919 is divided by 576.
343
What is the remainder when 23238 is divided by 94?
20
What is the remainder when 3551 is divided by 9?
5
What is the remainder when 137121 is divided by 262?
95
What is the remainder when 1618 is divided by 785?
48
What is the remainder when 358682 is divided by 352?
346
Calculate the remainder when 424 is divided by 77.
39
What is the remainder when 2299 is divided by 23?
22
What is the remainder when 14475 is divided by 254?
251
Calculate the remainder when 2057952 is divided by 29.
25
Calculate the remainder when 7744 is divided by 24.
16
Calculate the remainder when 23534 is divided by 44.
38
Calculate the remainder when 40721 is divided by 171.
23
Calculate the remainder when 2558 is divided by 26.
10
What is the remainder when 852 is divided by 450?
402
Calculate the remainder when 2671 is divided by 375.
46
What is the remainder when 3444976 is divided by 70?
66
Calculate the remainder when 26629 is divided by 78.
31
Calculate the remainder when 57935 is divided by 284.
283
What is the remainder when 30958 is divided by 7738?
6
What is the remainder when 33407 is divided by 257?
254
Calculate the remainder when 675498 is divided by 7.
5
What is the remainder when 9514 is divided by 535?
419
What is the remainder when 19876 is divided by 10?
6
What is the remainder when 43729 is divided by 10929?
13
What is the remainder when 19636 is divided by 123?
79
Calculate the remainder when 19451 is divided by 19153.
298
Calculate the remainder when 2113 is divided by 63.
34
Calculate the remainder when 421752 is divided by 6202.
16
Calculate the remainder when 45951 is divided by 74.
71
Calculate the remainder when 28835 is divided by 54.
53
What is the remainder when 219597 is divided by 31370?
7
Calculate the remainder when 801735 is divided by 200432.
7
Calculate the remainder when 1010 is divided by 369.
272
What is the remainder when 958175 is divided by 121?
97
What is the remainder when 370 is divided by 358?
12
Calculate the remainder when 6202 is divided by 6158.
44
What is the remainder when 30789 is divided by 2198?
17
What is the remainder when 36040 is divided by 59?
50
What is the remainder when 3571 is divided by 1187?
10
Calculate the remainder when 959 is divided by 660.
299
Calculate the remainder when 4940 is divided by 2177.
586
What is the remainder when 622 is divided by 267?
88
What is the remainder when 94161 is divided by 42?
39
Calculate the remainder when 46280 is divided by 11560.
40
Calculate the remainder when 80923 is divided by 12.
7
Calculate the remainder when 8432 is divided by 2108.
0
Calculate the remainder when 47021 is divided by 3358.
9
What is the remainder when 1792317 is divided by 160?
157
Calculate the remainder when 3389315 is divided by 206.
203
Calculate the remainder when 7478 is divided by 55.
53
Calculate the remainder when 716345 is divided by 62.
59
What is the remainder when 256482 is divided by 250?
232
What is the remainder when 254 is divided by 72?
38
What is the remainder when 8905 is divided by 75?
55
What is the remainder when 365319 is divided by 13?
6
Calculate the remainder when 10130 is divided by 844.
2
What is the remainder when 1995768 is divided by 11?
5
Calculate the remainder when 687 is divided by 138.
135
Calculate the remainder when 10703 is divided by 51.
44
Calculate the remainder when 487098 is divided by 7.
3
Calculate the remainder when 5065 is divided by 3.
1
Calculate the remainder when 2071092 is divided by 169.
166
Calculate the remainder when 1600 is divided by 768.
64
Calculate the remainder when 1448 is divided by 274.
78
Calculate the remainder 